{"id":55,"date":"2026-02-28T12:51:03","date_gmt":"2026-02-28T12:51:03","guid":{"rendered":"https:\/\/lesabeillesdelucie.fr\/?page_id=55"},"modified":"2026-02-28T13:08:36","modified_gmt":"2026-02-28T13:08:36","slug":"mentions-legales","status":"publish","type":"page","link":"https:\/\/lesabeillesdelucie.fr\/index.php\/mentions-legales\/","title":{"rendered":"Mentions l\u00e9gales"},"content":{"rendered":"\n<p>Conform\u00e9ment \u00e0 la loi n\u00b0 2004-575 du 21 juin 2004 pour la confiance dans l\u2019\u00e9conomie num\u00e9rique, il est pr\u00e9cis\u00e9 aux utilisateurs du site l\u2019identit\u00e9 de la personne responsable de sa publication et de son contenu.<\/p>\n\n\n\n<h3 class=\"wp-block-heading\">\u00c9diteur du site<\/h3>\n\n\n\n<p>Ce site est \u00e9dit\u00e9 par :<br><strong>Lucie GANTES<\/strong><br>Apicultrice \u2013 Micro-entrepreneure<br>SIRET : <strong>899 589 931 00018<\/strong><br>05700 L\u2019\u00c9pine, Hautes-Alpes \u2013 France<br>+33 6 75 10 54 27<br>luciegantes@gmail.com<\/p>\n\n\n\n<h3 class=\"wp-block-heading\">Responsable de la publication<\/h3>\n\n\n\n<p>Lucie GANTES, en qualit\u00e9 de dirigeante.<br>Contact : luciegantes@gmail.com<\/p>\n\n\n\n<h3 class=\"wp-block-heading\">H\u00e9bergement du site<\/h3>\n\n\n\n<p>Le site est h\u00e9berg\u00e9 par :<br>OVH \u2013 2 rue Kellermann \u2013 59100 Roubaix \u2013 France<br>1007 (support client)<br><a href=\"https:\/\/www.ovh.com\">www.ovh.com<\/a><\/p>\n\n\n\n<h3 class=\"wp-block-heading\">Propri\u00e9t\u00e9 intellectuelle<\/h3>\n\n\n\n<p>Les textes, illustrations, photographies et \u00e9l\u00e9ments graphiques pr\u00e9sents sur ce site sont la propri\u00e9t\u00e9 exclusive de Lucie GANTES, sauf mention contraire.<br>Toute reproduction ou utilisation sans autorisation \u00e9crite est strictement interdite.<\/p>\n\n\n\n<h3 class=\"wp-block-heading\">Donn\u00e9es personnelles<\/h3>\n\n\n\n<p>Aucune donn\u00e9e personnelle n\u2019est collect\u00e9e sans votre consentement.<br>Les informations recueillies via le formulaire de contact ou par e-mail sont exclusivement destin\u00e9es \u00e0 r\u00e9pondre \u00e0 vos demandes.<br>Conform\u00e9ment \u00e0 la loi \u00ab Informatique et Libert\u00e9s \u00bb et au RGPD, vous pouvez exercer votre droit d\u2019acc\u00e8s, de modification ou de suppression de vos donn\u00e9es en \u00e9crivant \u00e0 : luciegantes@gmail.com<\/p>\n\n\n\n<h3 class=\"wp-block-heading\">Cookies<\/h3>\n\n\n\n<p>Ce site utilise uniquement des cookies techniques n\u00e9cessaires \u00e0 son bon fonctionnement.<br>Aucun cookie publicitaire ou de suivi n\u2019est install\u00e9 sans votre consentement.<\/p>\n\n\n\n<h3 class=\"wp-block-heading\">Cr\u00e9dits<\/h3>\n\n\n\n<p>Illustrations, textes et design : Lucie GANTES et H\u00e9l\u00e8ne GANTES.<br>Conception du site : WordPress &amp; Elementor<\/p>\n","protected":false},"excerpt":{"rendered":"<p>mentions l\u00e9gales du site \u00ab\u00a0les abeilles de Lucie\u00a0\u00bb<\/p>\n","protected":false},"author":1,"featured_media":0,"parent":0,"menu_order":0,"comment_status":"closed","ping_status":"closed","template":"","meta":{"footnotes":""},"class_list":["post-55","page","type-page","status-publish","hentry"],"_links":{"self":[{"href":"https:\/\/lesabeillesdelucie.fr\/index.php\/wp-json\/wp\/v2\/pages\/55","targetHints":{"allow":["GET"]}}],"collection":[{"href":"https:\/\/lesabeillesdelucie.fr\/index.php\/wp-json\/wp\/v2\/pages"}],"about":[{"href":"https:\/\/lesabeillesdelucie.fr\/index.php\/wp-json\/wp\/v2\/types\/page"}],"author":[{"embeddable":true,"href":"https:\/\/lesabeillesdelucie.fr\/index.php\/wp-json\/wp\/v2\/users\/1"}],"replies":[{"embeddable":true,"href":"https:\/\/lesabeillesdelucie.fr\/index.php\/wp-json\/wp\/v2\/comments?post=55"}],"version-history":[{"count":3,"href":"https:\/\/lesabeillesdelucie.fr\/index.php\/wp-json\/wp\/v2\/pages\/55\/revisions"}],"predecessor-version":[{"id":71,"href":"https:\/\/lesabeillesdelucie.fr\/index.php\/wp-json\/wp\/v2\/pages\/55\/revisions\/71"}],"wp:attachment":[{"href":"https:\/\/lesabeillesdelucie.fr\/index.php\/wp-json\/wp\/v2\/media?parent=55"}],"curies":[{"name":"wp","href":"https:\/\/api.w.org\/{rel}","templated":true}]}}